culate the remainder when 1/(-1 - (-84)/82) is divided by g.
20
Let f(w) = w**3 - 2*w**2 - 4*w + 3. Let s be f(3). Let q(d) = -2*d + 1. Calculate the remainder when q(-10) is divided by (s - -13) + (-14)/14.
9
Suppose -24 = -2*c + 4*s, 9 = 33*c - 30*c + 3*s. What is the remainder when 59 is divided by c?
5
Suppose 5*r = 4*s - 1044, 3*r = -s + 183 + 78. What is the remainder when s is divided by 38?
33
Let s(v) = 10*v + 3. Let n(x) = 21*x + 5. Let g(m) = 3*n(m) - 5*s(m). What is the remainder when g(2) is divided by 16?
10
Let r = -18 - -11. Let i(h) = 3*h**2 + 10*h + 9. Suppose -5*j + 8 = 23, 4*u - 82 = -2*j. What is the remainder when i(r) is divided by u?
20
Let f(i) = i**3 + 6*i**2 + 5*i + 10. Calculate the remainder when (-2)/(-6) + (-200)/(-3) is divided by f(0).
7
Let r = 16 + -27. Let x = 15 + r. Suppose 16 + 13 = 4*i - 3*w, 2*i + x*w = -2. Calculate the remainder when 13 is divided by i.
3
Suppose -3*q + 10 = -2. Let m = -107 + 109. Calculate the remainder when 35 is divided by 75/q + m/8.
16
Let w = -24 + 22. Let g be (-3)/(-4)*w*-36. Suppose -4*b = -2*t - 0*b + g, -5*t - 4*b = -135. What is the remainder when 107 is divided by t?
26
Suppose -8*a = 6*a + 3570. What is the remainder when 30 is divided by a/6*(-6)/15?
13
Suppose -3*g = -u - 721, g - 4*g = 4*u - 731. Suppose 4*x - 36 = -3*a + a, 0 = 2*a - x - 46. What is the remainder when g is divided by a?
21
Let d(w) = w + 3. Suppose -6 = -2*c, -u + 2*c - 21 = -c. Let a be 1/(-1 + (-16)/u). What is the remainder when 8 is divided by d(a)?
2
Suppose -c + 95 = 3*w, 37 = w - c - 0*c. Calculate the remainder when 229 is divided by w.
31
Suppose 3*m - 4*w - 263 = -84, -m - 4*w + 49 = 0. Suppose -d - 5*s - 40 = -3*d, 5*d - 30 = -5*s. Calculate the remainder when m is divided by d.
7
Let m(i) = 89*i**2 + 110*i + 110. What is the remainder when 1066 is divided by m(-1)?
87
Let h(c) = 2*c**2 - 7*c - 9. Let j be (-6*(-2)/(-4) + 8)*-1. Calculate the remainder when h(j) is divided by 26.
24
Let j(a) be the first derivative of a**2/2 + 21*a - 13. Calculate the remainder when 125 is divided by j(-5).
13
Suppose 69 + 31 = 4*f. Suppose -3*p - f - 35 = 0. Let i = 28 + p. What is the remainder when 15 is divided by i?
7
Let f(v) = 3*v + 2*v - 4*v. Let r be f(-4). What is the remainder when 43 is divided by (4/(-6))/(r/90)?
13
What is the remainder when (-972)/(-9) - (2 - 2) is divided by 37?
34
Let w = -258 + 305. What is the remainder when 232 is divided by w?
44
Let q(d) = -1 + 0 - 2*d - 4*d. Suppose -5*f = 18 + 2. Calculate the remainder when q(f) is divided by 8.
7
Suppose r - 6*r = -2*m - 348, -3*m - 216 = -3*r. Suppose 32*a - 36*a + r = 0. Calculate the remainder when 32 is divided by a.
15
Let n(c) = -c**3 + 25*c**2 + 56*c - 39. What is the remainder when ((-2)/(-1))/((-4)/(-114)) is divided by n(27)?
12
Let f = 30 - -12. Let g = -684 - -977. What is the remainder when g is divided by f?
41
What is the remainder when 345 is divided by -2012*1/(-12) + 8/6?
7
Let a(p) = 35*p**2 - 14*p + 1. Calculate the remainder when a(-3) is divided by 19.
16
Suppose -w - 4*i = -6, 4*w + 0*w - 52 = -2*i. What is the remainder when (-45 - -4)*(0 - 1) is divided by w?
13
Let r(f) = -23*f + 4. Let c be r(-6). Suppose 5*s + 4*q = 187, 5*s + 4*q - 7*q - 166 = 0. What is the remainder when s is divided by c/8 + 4/16?
17
Suppose m = -9*v + 7*v + 2323, 2*v - 2348 = 4*m. What is the remainder when v is divided by 146?
142
Let d = -3 - -7. Let i(j) = 6*j**2 + 5*j + 3. Let v be i(-2). Calculate the remainder when (d + 0)*v/4 is divided by 10.
7
What is the remainder when 385/308*(1 - -131) is divided by 16?
5
Let l = -498 - -300. Let q = 87 - l. What is the remainder when q is divided by 48?
45
Suppose 3*h + 3*a = 2 + 1, 2*h - a + 1 = 0. Suppose h = 2*s - 17 - 21. Suppose l = 20*l - 665. Calculate the remainder when l is divided by s.
16
Suppose -3*m = 6, -2*i - 4*m + 38 - 4 = 0. What is the remainder when 95 is divided by i?
11
Suppose 90 = -5*q - 40. Calculate the remainder when 50 is divided by (5 - 1)*q/(-4).
24
Let b be 9 + 9/(-3) + -1. Suppose l - 3*u - 26 = -4*u, -2*l = b*u - 61. What is the remainder when 89 is divided by l?
20
Let c = -932 + 1039. Calculate the remainder when c is divided by 10.
7
Let r = 24 - 12. Let d be 5/(-20) + 63/r. Suppose -19 = -d*a + 6. Calculate the remainder when a is divided by 2.
1
Let j(k) be the second derivative of k**4/4 - k**3/3 + 13*k**2/2 - 15*k. What is the remainder when j(5) is divided by 27?
24
Suppose 4*j + 20 = 0, -5*m = -0*j + 5*j - 175. Suppose -3*q - i + m = 0, 4*q = -q + 2*i + 85. Let d = q + -3. Calculate the remainder when d is divided by 10.
2
Suppose -27*k + 700 = k. What is the remainder when k is divided by 14?
11
Let a = 1601 + -1549. What is the remainder when a is divided by 19?
14
Let s(l) = 3*l**2 + l. Suppose -11 = -5*u - 36. Suppose -y - 2*y + 54 = 0. Calculate the remainder when s(u) is divided by y.
16
Let j(b) = 9 - 7*b + 2*b + 4*b. Calculate the remainder when 57 is divided by j(-6).
12
Calculate the remainder when 46 is divided by (-1043)/1639*-11*1.
4
Suppose y = -o + 1, 5*y = 7*y + 2. What is the remainder when 46 is divided by o?
0
Calculate the remainder when 29 is divided by ((-360)/(-126))/(2/7).
9
Let o = 140 - 135. Suppose -13 = -3*g + o*x, -5*g - x + 22 = -9. What is the remainder when 35 is divided by g?
5
Suppose 7*p = 17*p + 4470. What is the remainder when p/(-9)*(-1 + 4) is divided by 25?
24
Let l = -97 + 169. Suppose l = -a - 3*a. Calculate the remainder when a*5/((-45)/6) is divided by 5.
2
Suppose 2*u + 2*u + 16 = 0. Let k be (1 - 115)*2/u. What is the remainder when (-2)/(-3) - k/(-9) is divided by 3?
1
Let q(n) = -18*n - 312. Calculate the remainder when q(-37) is divided by 19.
12
Suppose 6*c + 26 = 8*c. Calculate the remainder when 26 is divided by c.
0
Calculate the remainder when (-1113)/(-8) + (28/(-32))/7 is divided by 24.
19
Let r(i) = 16*i - 1. Let w be (-564)/(-40)*(-10)/(-12)*12. Let g = w + -83. Calculate the remainder when g is divided by r(1).
13
Let k(w) = 20*w**2 + 21*w + 97. What is the remainder when k(-4) is divided by 49?
39
What is the remainder when 103 is divided by -28 - -25 - (-23 - (1 - 0))?
19
Let y = 354 - 330. What is the remainder when 310 is divided by y?
22
Suppose -12*s + 309 - 1029 = 0. Let i = -44 - s. What is the remainder when i is divided by 6?
4
Suppose 6*d - 12 = 2*d. Suppose 2*i + 4*b - 146 = 0, 5*i - 257 = d*b + 160. Calculate the remainder when i is divided by 21.
18
Suppose 5*s - 13 = 27. Suppose o = -2 + s. Suppose -2*a - 184 = -o*a. What is the remainder when a is divided by 12?
10
Suppose -3*k + 3*w - 4*w = -32, 5*w - 52 = -3*k. Suppose -24 = -4*q - 8. What is the remainder when k is divided by q?
1
Let s be 1*(2 - (-204)/4). Suppose 3*n = s + 19. What is the remainder when n is divided by 9?
6
Let y = 21 - 11. Calculate the remainder when y is divided by -3*(290/(-30) + 8).
0
Let m(y) = 5*y**2 + 4*y + 1. Suppose 2*o - 51 = 57. Suppose 2*j = 5*j - o. Calculate the remainder when m(-3) is divided by j.
16
Suppose 0 = -3*c + 277 + 8. Suppose x + 5*l + 27 = 2*x, 5*x - 72 = 4*l. What is the remainder when c is divided by x?
11
Suppose 0 = 2*x + 22 - 110. Let q be 8/6*(-66)/x. Calculate the remainder when 20 is divided by 15/(-10) + (-25)/q.
9
Let p = 28 + -17. Suppose 2*x + 2*z = 84 + 160, x = 3*z + 126. Let y = -82 + x. Calculate the remainder when y is divided by p.
8
Let v(d) = -6*d - 212. What is the remainder when 6 is divided by v(-36)?
2
Suppose 344*f - 329*f = 285. What is the remainder when 260 is divided by f?
13
Let r(t) = 2*t + 5. Let w(k) = k**2 - 2*k + 28*k**3 + 8*k**3 - 2*k**3 + 2 + 8*k**3. What is the remainder when w(1) is divided by r(5)?
13
Suppose -60*h + 7090 = -410. Suppose 0 = -2*o - 0*o + 42. What is the remainder when h is divided by o?
20
Suppose -2206 = -22*a - 270. What is the remainder when 132 is divided by a?
44
Suppose -4*d + 65 + 215 = 0. Calculate the remainder when 139 is divided by d.
69
Let o be 5 + 0 + 2/(-2). Suppose -o*s - 4*g = -0*g - 68, -65 = -4*s - 3*g. Calculate the remainder when 52 is divided by s.
10
Let d be 5/1 - (2 + 0). Suppose d*u - 7*u + 5 = t, 4*t + 3*u = 33. What is the remainder when 16 is divided by t?
7
Let h(n) = 2*n**2 + 13*n